be (-8)/20 + (-1608)/(-20). Suppose 0*j = -j + u. What is the units digit of j?
0
Let q(i) = 8*i**3 + 2*i**2 + 2*i + 6. Let f be q(-2). Suppose 6*p = 2*p - 124. Let l = p - f. What is the units digit of l?
3
What is the units digit of 312/54 - ((-21)/(-27) - 1)?
6
Let a be ((-140)/2)/(-5) - 4. Let o(f) = -a*f + 7*f + 8*f - 7. What is the units digit of o(4)?
3
Let q be (1/(-3))/((-13)/(-312)). Let m(h) = h**3 + 8*h**2 - 10*h + 22. What is the tens digit of m(q)?
0
Let n(u) = -u**3 + 8*u**2 - 5*u - 11. Let x be n(7). Suppose -x*w = -9*w + 1158. What is the tens digit of w?
9
Suppose 4*d = d - 5*i + 306, -i = 5*d - 532. Let k = d - -24. What is the tens digit of k?
3
Let i = -13 - -16. Let l = i + 12. Suppose -5*r = -80 + l. What is the units digit of r?
3
Let p(c) = -c**3 + 7*c**2 - c - 10. Let n be p(5). Suppose d = -g - d + n, -3*d = 4*g - 165. What is the units digit of g?
5
Suppose 3*k + 19 - 7 = 0. What is the units digit of 6/(2 + k)*(-15)/3?
5
Suppose -5*t + 0*t = 130. Let b = 12 + t. Let w = 9 - b. What is the tens digit of w?
2
Suppose 4*a - 176 = -7*a. Suppose -5 = -h + a. What is the units digit of h?
1
Let w(q) = q**2 + 17*q - 31. Let z(r) = r**2 + 16*r - 30. Let j(l) = 3*w(l) - 4*z(l). What is the tens digit of j(-12)?
3
Let b = 51 + -43. What is the tens digit of 109/b - 72/(-192)?
1
Let b = -3 + 14. Let m(u) = u - b + u + 5*u. What is the units digit of m(5)?
4
Let o(v) = -v**2 + 8*v - 8. Let c be o(8). Let w be (-8)/(-5) + c/(-20). Suppose 0*z - 4 = -w*z. What is the units digit of z?
2
Let k = -2396 + 3411. What is the units digit of ((-6)/(-15))/(7/k)?
8
Suppose 0 = -5*m + 12 + 3. Suppose -2*p = -0*p - m*c - 22, -5*p = 2*c - 74. What is the tens digit of p?
1
Suppose -4*w = -w + 6. Let y = 2 + w. Suppose 0 = 4*n - 5*g - 124, 3*n - 62 = -y*n - 4*g. What is the units digit of n?
6
Let q(h) = -h**2 + 14*h - 10. Let o be q(6). Let i be 1/5 + (-9)/(-5). Let u = o + i. What is the tens digit of u?
4
Suppose 3*g = 3*t + 3675, g - 569 = 4*t + 647. What is the thousands digit of g?
1
Let q be 260/(-39)*9/(-5). What is the tens digit of ((-92)/q)/((-2)/18)?
6
What is the tens digit of ((-9219)/(-28))/((-95)/(-40) - 2)?
7
Let s(b) be the third derivative of -b**5/60 - 13*b**4/24 - 2*b**3 + b**2 + 17. Let d be (-1 - 7) + -1 + 0. What is the tens digit of s(d)?
2
Let j(i) = i**3 - 3*i**2 - 2*i + 3. Let s be j(2). Let f(o) be the first derivative of -o**2 + 2*o + 183. What is the tens digit of f(s)?
1
Let k(d) = -d**3 + 8*d**2 + 2*d - 10. Let z be k(8). Let n be 10/(-5) - z/(-1). What is the units digit of 2/(n/10)*1?
5
Let o(l) = -4*l - 5. Let f = -40 - -38. Let z be o(f). Let d(k) = 9*k + 2. What is the units digit of d(z)?
9
Let f = 74 + -10. Suppose k = -0*k + f. What is the tens digit of k?
6
Let p be ((-3)/2)/(-3)*0. Suppose p = -3*v + 3*o + 12, 0 = 5*v - 2*o - 18 - 2. Suppose -c + 4 = 3*f + f, 92 = 5*c - v*f. What is the tens digit of c?
1
Suppose 6*k - 8*k + 344 = 0. Suppose -2*h + 4*d = h - 252, 2*h - 4*d - k = 0. What is the units digit of h?
0
Let u(b) = 181*b**2 - 2*b - 1. What is the tens digit of u(-2)?
2
Suppose -12 + 0 = -4*c. Suppose 0 = -0*h + c*h + 96. Let s = -23 - h. What is the units digit of s?
9
Let u be 1/3 - 12/9. What is the tens digit of (3020/40)/(u/(-2))?
5
Let x(j) = 4 + 3*j + 5*j - j**2 + 0*j**2. Suppose 5*q - 3*a - 28 = 0, -4*q - 13*a + 11*a = -18. What is the units digit of x(q)?
9
Let h be (20 + -21)*5*-1. Suppose -4*o + 171 = -h*y - 15, 39 = o - 5*y. What is the tens digit of o?
4
What is the units digit of 2/(-5) + (-17622)/(-30)?
7
Suppose -2*m + 6 = -2*d, -d + m + 4*m = 11. What is the tens digit of d*1/2*-106?
5
Let d = 1859 + -39. What is the hundreds digit of d?
8
Suppose -u + 0*u + 5 = 0. Suppose -4*r - 2*y - 2*y = -76, -u*y - 73 = -3*r. Suppose r = 3*c - 0. What is the units digit of c?
7
Let j(l) = 5*l + 109. What is the hundreds digit of j(25)?
2
Let b(k) = k**2 + 3*k + 3. Let v be b(-3). What is the units digit of (-3 + 2)/(v/(-156))?
2
Suppose 0 = 2*q, 0 = 4*m + 3*q - 8*q. Suppose m = 2*r - 5*r + v + 218, 160 = 2*r + 3*v. What is the units digit of r?
4
Suppose -5*o - 12 = -42. Let l(m) = 4*m**2 - 6*m - 14. Let v be l(o). Suppose 4*j + v = 6*j. What is the tens digit of j?
4
Let p be 62/6 - (-5)/(-15). Let z = p + 31. What is the units digit of z?
1
Suppose 7*g - 2*g - 2*q - 284 = 0, -q - 2 = 0. Suppose -4*h - 132 = p - 5*p, -4*h = -2*p + g. What is the units digit of p?
8
Let m(u) = u**3 - 5*u**2 + 6*u + 2. Let h be m(3). Let y be (80/48)/(h/18). Suppose -16*g + 53 = -y*g. What is the units digit of g?
3
Let j(a) = 19 - a + 2*a**2 + 3*a**2 - 46. What is the units digit of j(7)?
1
Let z be 9844/28 - (-5 - (-32)/7). Let m = 2 + -7. What is the units digit of m/(-2)*z/40?
2
Let y(g) = g + 5. Let j(s) = 4. Let q(v) = 3*j(v) - 2*y(v). What is the tens digit of q(-16)?
3
What is the thousands digit of (16*415)/4 - (0 - -5)?
1
Let c(y) = -y**2 - 15*y - 13. Suppose 0 = -4*b + 5*z - 50 - 110, -3*z = -5*b - 200. Let h = b + 26. What is the units digit of c(h)?
1
Let o = 17 - 15. Suppose -6*m + 2*h = -o*m - 202, 5*m - 4*h = 254. What is the tens digit of m?
5
Suppose 18*w - 13321 = 10313. What is the thousands digit of w?
1
Suppose -2*i - 3*i = 385. Let b = i - -122. What is the units digit of 1/(-2 + b/21)?
7
Suppose -113 = 2*o + 109. Let w = -38 - o. What is the units digit of w?
3
Let f(h) = 54*h**2 + 7*h - 24. What is the hundreds digit of f(4)?
8
Let b = 5 - 3. Suppose -15 = 54*v - 57*v. Suppose -36 + 2 = -b*c - 2*n, -5*n - v = 0. What is the tens digit of c?
1
Let y = -29 - -32. What is the tens digit of (-29 - 5)/((-2)/y)?
5
Let f be 2/(-8) + 90/40. Suppose 0 = 2*s + f*v, -2*s - 4*v - 3 = -s. Let d(c) = 31*c**3 - c**2 + c. What is the units digit of d(s)?
1
Suppose -2*o + 0*n = -2*n - 1876, 2*o + 3*n = 1856. What is the hundreds digit of o?
9
Suppose -4*h = -47 + 19. Let a(b) = h*b + 3*b + 5 + 1 - b. What is the tens digit of a(6)?
6
Let d = -89 + 128. Suppose d*q = 36*q + 144. What is the units digit of q?
8
Suppose -68*r = -90*r + 26246. What is the tens digit of r?
9
Let s(q) = q**3 - q**2 + q - 3. Let i be s(3). Let k be (-3)/(-2) + (-50)/(-4). Suppose n - i = -k. What is the units digit of n?
4
Let x(t) = -t**3 - 4*t**2 - t - 1. Let w be x(-4). Let d be 3/(-9) + 241/w. Let i = d + -48. What is the units digit of i?
2
Let q(x) = -15*x**3 + 2*x**2 + 3*x + 1. Let o be q(-1). Suppose -10*r = -7*r - o. What is the units digit of r?
5
What is the tens digit of (-3940)/(-16) + -1 - 10/40?
4
Let b(j) = j**2 + 2*j - 1. Let d be b(-3). Suppose 2*s + 5*r = 76, d*s - 4*r = 24 + 16. Let y = -17 + s. What is the tens digit of y?
1
Suppose -2*q - 31 - 78 = -5*m, -2*m - 5*q + 32 = 0. Suppose 0 = -3*o + 12 + m. What is the tens digit of o?
1
Suppose -100 - 18 = -u. What is the hundreds digit of u?
1
Suppose 2*c - 207 = -4*r + 401, -3*c = 3*r - 909. Let w = -188 + c. What is the hundreds digit of w?
1
Suppose -v - 3*o + 4628 = 0, -2*v + 9229 = 14*o - 17*o. What is the tens digit of v?
1
Let w(n) = n**3 + 6*n**2 + 5*n. Let v be w(-5). Suppose 0 = -v*r - 3*r + 15. Suppose -2*x - z = -3*x - 4, r*x - 15 = -2*z. What is the units digit of x?
1
Let b = -180 - -273. What is the tens digit of b?
9
Suppose -46 = 4*q + x, 5*q - 3*x + 54 = q. Let d be (-88)/5 - ((-16)/10)/(-4). What is the units digit of q/(-2) + d/(-6)?
9
Suppose 258*w - 215*w - 177031 = 0. What is the units digit of w?
7
Suppose -5*f + 2*f = 0. Suppose f*o - o + 27 = -p, 0 = 3*o + 5*p - 113. What is the tens digit of o?
3
What is the hundreds digit of -2 - ((-17 - -11) + -2732)?
7
Suppose -60*z + 17962 + 21878 = 0. What is the hundreds digit of z?
6
Let r = 33 - -215. What is the units digit of r?
8
Suppose 567 = y + 142. What is the units digit of y?
5
Suppose 18 = 2*m - 0. Suppose -c + m = -0*c. Let l = -3 + c. What is the units digit of l?
6
Let g(o) = -o**2 + 3*o - 2. Let a be g(2). Suppose -2*u - 4*p - 24 = 30, 2*u + 3*p + 59 = a. What is the tens digit of -1 + 16/4 - u?
4
Let w(g) = -12*g + 5. Let o(k) = 4*k - 2. Let x(l) = 8*o(l) + 3*w(l). Suppose -2*m + 4*b = -18, -3*m + 0 - 13 = 2*b. What is the units digit of x(m)?
3
Let x(t) = 17*t - 3. Let y be x(3). Let r(k) = 19*k - 9. Let f be r(2). Let o = y - f. What is the tens digit of o?
1
Let